 
{"id":16450,"date":"2025-12-12T15:00:39","date_gmt":"2025-12-12T19:00:39","guid":{"rendered":"http:\/\/www.defensoria.gob.ve\/?page_id=16450"},"modified":"2026-01-30T12:19:04","modified_gmt":"2026-01-30T16:19:04","slug":"defensoria-municipal-guacara","status":"publish","type":"page","link":"http:\/\/www.defensoria.gob.ve\/?page_id=16450","title":{"rendered":"DEFENSOR\u00cdA MUNICIPAL GUACARA"},"content":{"rendered":"\t\t<div data-elementor-type=\"wp-page\" data-elementor-id=\"16450\" class=\"elementor elementor-16450\">\n\t\t\t\t\t\t<section class=\"elementor-section elementor-top-section elementor-element elementor-element-3d498b8 elementor-section-boxed elementor-section-height-default elementor-section-height-default\" data-id=\"3d498b8\" data-element_type=\"section\" data-e-type=\"section\">\n\t\t\t\t\t\t<div class=\"elementor-container elementor-column-gap-default\">\n\t\t\t\t\t<div class=\"elementor-column elementor-col-100 elementor-top-column elementor-element elementor-element-4df0faf\" data-id=\"4df0faf\" data-element_type=\"column\" data-e-type=\"column\">\n\t\t\t<div class=\"elementor-widget-wrap elementor-element-populated\">\n\t\t\t\t\t\t<div class=\"elementor-element elementor-element-7880bb2 elementor-widget elementor-widget-image\" data-id=\"7880bb2\" data-element_type=\"widget\" data-e-type=\"widget\" data-widget_type=\"image.default\">\n\t\t\t\t<div class=\"elementor-widget-container\">\n\t\t\t\t\t\t\t\t\t\t\t\t\t\t\t<img fetchpriority=\"high\" decoding=\"async\" width=\"808\" height=\"124\" src=\"http:\/\/www.defensoria.gob.ve\/wp-content\/uploads\/2023\/09\/directel.png\" class=\"attachment-large size-large wp-image-635\" alt=\"\" srcset=\"http:\/\/www.defensoria.gob.ve\/wp-content\/uploads\/2023\/09\/directel.png 808w, http:\/\/www.defensoria.gob.ve\/wp-content\/uploads\/2023\/09\/directel-300x46.png 300w, http:\/\/www.defensoria.gob.ve\/wp-content\/uploads\/2023\/09\/directel-768x118.png 768w\" sizes=\"(max-width: 808px) 100vw, 808px\" \/>\t\t\t\t\t\t\t\t\t\t\t\t\t\t\t<\/div>\n\t\t\t\t<\/div>\n\t\t\t\t\t<\/div>\n\t\t<\/div>\n\t\t\t\t\t<\/div>\n\t\t<\/section>\n\t\t\t\t<section class=\"elementor-section elementor-top-section elementor-element elementor-element-e87a481 elementor-section-boxed elementor-section-height-default elementor-section-height-default\" data-id=\"e87a481\" data-element_type=\"section\" data-e-type=\"section\">\n\t\t\t\t\t\t<div class=\"elementor-container elementor-column-gap-default\">\n\t\t\t\t\t<div class=\"elementor-column elementor-col-100 elementor-top-column elementor-element elementor-element-c75a769\" data-id=\"c75a769\" data-element_type=\"column\" data-e-type=\"column\">\n\t\t\t<div class=\"elementor-widget-wrap elementor-element-populated\">\n\t\t\t\t\t\t<div class=\"elementor-element elementor-element-556ba54 elementor-widget elementor-widget-text-editor\" data-id=\"556ba54\" data-element_type=\"widget\" data-e-type=\"widget\" data-widget_type=\"text-editor.default\">\n\t\t\t\t<div class=\"elementor-widget-container\">\n\t\t\t\t\t\t\t\t\t<p><span style=\"font-size: 21px; color: #000000;\"><strong>Defensor Delegado:<\/strong>Mois\u00e9s Rodr\u00edguez.<\/span><\/p><p><span style=\"font-size: 21px; color: #000000;\"><strong>Defensora Municipal:\u00a0<\/strong>Luisa\u00a0 Torrelles.\u00a0<\/span><\/p><p><span style=\"font-size: 21px; color: #000000;\"><strong>Direcci\u00f3n:<\/strong>\u00a0Calle Urdaneta con calle Cede\u00f1o. Centro Comercial Zona 3. Planta baja, local 02. Parroquia Guacara. Municipio Guacara.<\/span><\/p><p><span style=\"font-size: 21px; color: #000000;\"><strong>Tel\u00e9fonos:<\/strong>\u00a0(0412)-402.32.04\u00a0<\/span><\/p><p><span style=\"font-size: 21px; color: #000000;\"><strong>Correo Electr\u00f3nico:<\/strong>\u00a0dm-guacara@defensoria.gob.ve \/ ddpmunicipalguacara@gmail.com\u00a0<\/span><\/p>\t\t\t\t\t\t\t\t<\/div>\n\t\t\t\t<\/div>\n\t\t\t\t\t<\/div>\n\t\t<\/div>\n\t\t\t\t\t<\/div>\n\t\t<\/section>\n\t\t\t\t<\/div>\n\t\t","protected":false},"excerpt":{"rendered":"<p>Defensor Delegado:Mois\u00e9s Rodr\u00edguez. Defensora Municipal:\u00a0Luisa\u00a0 Torrelles.\u00a0 Direcci\u00f3n:\u00a0Calle Urdaneta con calle Cede\u00f1o. Centro Comercial Zona 3. Planta baja, local 02. Parroquia Guacara. Municipio Guacara. Tel\u00e9fonos:\u00a0(0412)-402.32.04\u00a0 Correo Electr\u00f3nico:\u00a0dm-guacara@defensoria.gob.ve \/ ddpmunicipalguacara@gmail.com\u00a0<\/p>\n","protected":false},"author":1,"featured_media":0,"parent":273,"menu_order":0,"comment_status":"closed","ping_status":"closed","template":"","meta":{"footnotes":""},"class_list":["post-16450","page","type-page","status-publish","hentry"],"yoast_head":"<!-- This site is optimized with the Yoast SEO plugin v27.2 - https:\/\/yoast.com\/product\/yoast-seo-wordpress\/ -->\n<title>DEFENSOR\u00cdA MUNICIPAL GUACARA -<\/title>\n<meta name=\"robots\" content=\"index, follow, max-snippet:-1, max-image-preview:large, max-video-preview:-1\" \/>\n<link rel=\"canonical\" href=\"http:\/\/www.defensoria.gob.ve\/?page_id=16450\" \/>\n<meta property=\"og:locale\" content=\"es_ES\" \/>\n<meta property=\"og:type\" content=\"article\" \/>\n<meta property=\"og:title\" content=\"DEFENSOR\u00cdA MUNICIPAL GUACARA -\" \/>\n<meta property=\"og:description\" content=\"Defensor Delegado:Mois\u00e9s Rodr\u00edguez. Defensora Municipal:\u00a0Luisa\u00a0 Torrelles.\u00a0 Direcci\u00f3n:\u00a0Calle Urdaneta con calle Cede\u00f1o. Centro Comercial Zona 3. Planta baja, local 02. Parroquia Guacara. Municipio Guacara. Tel\u00e9fonos:\u00a0(0412)-402.32.04\u00a0 Correo Electr\u00f3nico:\u00a0dm-guacara@defensoria.gob.ve \/ ddpmunicipalguacara@gmail.com\u00a0\" \/>\n<meta property=\"og:url\" content=\"http:\/\/www.defensoria.gob.ve\/?page_id=16450\" \/>\n<meta property=\"article:modified_time\" content=\"2026-01-30T16:19:04+00:00\" \/>\n<meta property=\"og:image\" content=\"http:\/\/www.defensoria.gob.ve\/wp-content\/uploads\/2023\/09\/directel.png\" \/>\n<meta name=\"twitter:card\" content=\"summary_large_image\" \/>\n<meta name=\"twitter:label1\" content=\"Tiempo estimado de lectura\" \/>\n\t<meta name=\"twitter:data1\" content=\"1 minuto\" \/>\n<script type=\"application\/ld+json\" class=\"yoast-schema-graph\">{\"@context\":\"https:\/\/schema.org\",\"@graph\":[{\"@type\":\"WebPage\",\"@id\":\"http:\/\/www.defensoria.gob.ve\/?page_id=16450\",\"url\":\"http:\/\/www.defensoria.gob.ve\/?page_id=16450\",\"name\":\"DEFENSOR\u00cdA MUNICIPAL GUACARA -\",\"isPartOf\":{\"@id\":\"http:\/\/www.defensoria.gob.ve\/#website\"},\"primaryImageOfPage\":{\"@id\":\"http:\/\/www.defensoria.gob.ve\/?page_id=16450#primaryimage\"},\"image\":{\"@id\":\"http:\/\/www.defensoria.gob.ve\/?page_id=16450#primaryimage\"},\"thumbnailUrl\":\"http:\/\/www.defensoria.gob.ve\/wp-content\/uploads\/2023\/09\/directel.png\",\"datePublished\":\"2025-12-12T19:00:39+00:00\",\"dateModified\":\"2026-01-30T16:19:04+00:00\",\"breadcrumb\":{\"@id\":\"http:\/\/www.defensoria.gob.ve\/?page_id=16450#breadcrumb\"},\"inLanguage\":\"es\",\"potentialAction\":[{\"@type\":\"ReadAction\",\"target\":[\"http:\/\/www.defensoria.gob.ve\/?page_id=16450\"]}]},{\"@type\":\"ImageObject\",\"inLanguage\":\"es\",\"@id\":\"http:\/\/www.defensoria.gob.ve\/?page_id=16450#primaryimage\",\"url\":\"http:\/\/www.defensoria.gob.ve\/wp-content\/uploads\/2023\/09\/directel.png\",\"contentUrl\":\"http:\/\/www.defensoria.gob.ve\/wp-content\/uploads\/2023\/09\/directel.png\",\"width\":808,\"height\":124},{\"@type\":\"BreadcrumbList\",\"@id\":\"http:\/\/www.defensoria.gob.ve\/?page_id=16450#breadcrumb\",\"itemListElement\":[{\"@type\":\"ListItem\",\"position\":1,\"name\":\"Portada\",\"item\":\"http:\/\/www.defensoria.gob.ve\/\"},{\"@type\":\"ListItem\",\"position\":2,\"name\":\"CONTACTANOS\",\"item\":\"http:\/\/www.defensoria.gob.ve\/?page_id=83\"},{\"@type\":\"ListItem\",\"position\":3,\"name\":\"SEDES REGIONALES\",\"item\":\"http:\/\/www.defensoria.gob.ve\/?page_id=196\"},{\"@type\":\"ListItem\",\"position\":4,\"name\":\"CENTRAL\",\"item\":\"http:\/\/www.defensoria.gob.ve\/?page_id=201\"},{\"@type\":\"ListItem\",\"position\":5,\"name\":\"DEFENSOR\u00cdA DELEGADA CARABOBO\",\"item\":\"http:\/\/www.defensoria.gob.ve\/?page_id=273\"},{\"@type\":\"ListItem\",\"position\":6,\"name\":\"DEFENSOR\u00cdA MUNICIPAL GUACARA\"}]},{\"@type\":\"WebSite\",\"@id\":\"http:\/\/www.defensoria.gob.ve\/#website\",\"url\":\"http:\/\/www.defensoria.gob.ve\/\",\"name\":\"\",\"description\":\"Instituci\u00f3n del Poder Ciudadano para la Promoci\u00f3n, Defensa y Vigilancia de los Derechos Humanos. \",\"potentialAction\":[{\"@type\":\"SearchAction\",\"target\":{\"@type\":\"EntryPoint\",\"urlTemplate\":\"http:\/\/www.defensoria.gob.ve\/?s={search_term_string}\"},\"query-input\":{\"@type\":\"PropertyValueSpecification\",\"valueRequired\":true,\"valueName\":\"search_term_string\"}}],\"inLanguage\":\"es\"}]}<\/script>\n<!-- \/ Yoast SEO plugin. -->","yoast_head_json":{"title":"DEFENSOR\u00cdA MUNICIPAL GUACARA -","robots":{"index":"index","follow":"follow","max-snippet":"max-snippet:-1","max-image-preview":"max-image-preview:large","max-video-preview":"max-video-preview:-1"},"canonical":"http:\/\/www.defensoria.gob.ve\/?page_id=16450","og_locale":"es_ES","og_type":"article","og_title":"DEFENSOR\u00cdA MUNICIPAL GUACARA -","og_description":"Defensor Delegado:Mois\u00e9s Rodr\u00edguez. Defensora Municipal:\u00a0Luisa\u00a0 Torrelles.\u00a0 Direcci\u00f3n:\u00a0Calle Urdaneta con calle Cede\u00f1o. Centro Comercial Zona 3. Planta baja, local 02. Parroquia Guacara. Municipio Guacara. Tel\u00e9fonos:\u00a0(0412)-402.32.04\u00a0 Correo Electr\u00f3nico:\u00a0dm-guacara@defensoria.gob.ve \/ ddpmunicipalguacara@gmail.com\u00a0","og_url":"http:\/\/www.defensoria.gob.ve\/?page_id=16450","article_modified_time":"2026-01-30T16:19:04+00:00","og_image":[{"url":"http:\/\/www.defensoria.gob.ve\/wp-content\/uploads\/2023\/09\/directel.png","type":"","width":"","height":""}],"twitter_card":"summary_large_image","twitter_misc":{"Tiempo estimado de lectura":"1 minuto"},"schema":{"@context":"https:\/\/schema.org","@graph":[{"@type":"WebPage","@id":"http:\/\/www.defensoria.gob.ve\/?page_id=16450","url":"http:\/\/www.defensoria.gob.ve\/?page_id=16450","name":"DEFENSOR\u00cdA MUNICIPAL GUACARA -","isPartOf":{"@id":"http:\/\/www.defensoria.gob.ve\/#website"},"primaryImageOfPage":{"@id":"http:\/\/www.defensoria.gob.ve\/?page_id=16450#primaryimage"},"image":{"@id":"http:\/\/www.defensoria.gob.ve\/?page_id=16450#primaryimage"},"thumbnailUrl":"http:\/\/www.defensoria.gob.ve\/wp-content\/uploads\/2023\/09\/directel.png","datePublished":"2025-12-12T19:00:39+00:00","dateModified":"2026-01-30T16:19:04+00:00","breadcrumb":{"@id":"http:\/\/www.defensoria.gob.ve\/?page_id=16450#breadcrumb"},"inLanguage":"es","potentialAction":[{"@type":"ReadAction","target":["http:\/\/www.defensoria.gob.ve\/?page_id=16450"]}]},{"@type":"ImageObject","inLanguage":"es","@id":"http:\/\/www.defensoria.gob.ve\/?page_id=16450#primaryimage","url":"http:\/\/www.defensoria.gob.ve\/wp-content\/uploads\/2023\/09\/directel.png","contentUrl":"http:\/\/www.defensoria.gob.ve\/wp-content\/uploads\/2023\/09\/directel.png","width":808,"height":124},{"@type":"BreadcrumbList","@id":"http:\/\/www.defensoria.gob.ve\/?page_id=16450#breadcrumb","itemListElement":[{"@type":"ListItem","position":1,"name":"Portada","item":"http:\/\/www.defensoria.gob.ve\/"},{"@type":"ListItem","position":2,"name":"CONTACTANOS","item":"http:\/\/www.defensoria.gob.ve\/?page_id=83"},{"@type":"ListItem","position":3,"name":"SEDES REGIONALES","item":"http:\/\/www.defensoria.gob.ve\/?page_id=196"},{"@type":"ListItem","position":4,"name":"CENTRAL","item":"http:\/\/www.defensoria.gob.ve\/?page_id=201"},{"@type":"ListItem","position":5,"name":"DEFENSOR\u00cdA DELEGADA CARABOBO","item":"http:\/\/www.defensoria.gob.ve\/?page_id=273"},{"@type":"ListItem","position":6,"name":"DEFENSOR\u00cdA MUNICIPAL GUACARA"}]},{"@type":"WebSite","@id":"http:\/\/www.defensoria.gob.ve\/#website","url":"http:\/\/www.defensoria.gob.ve\/","name":"","description":"Instituci\u00f3n del Poder Ciudadano para la Promoci\u00f3n, Defensa y Vigilancia de los Derechos Humanos. ","potentialAction":[{"@type":"SearchAction","target":{"@type":"EntryPoint","urlTemplate":"http:\/\/www.defensoria.gob.ve\/?s={search_term_string}"},"query-input":{"@type":"PropertyValueSpecification","valueRequired":true,"valueName":"search_term_string"}}],"inLanguage":"es"}]}},"_links":{"self":[{"href":"http:\/\/www.defensoria.gob.ve\/index.php?rest_route=\/wp\/v2\/pages\/16450","targetHints":{"allow":["GET"]}}],"collection":[{"href":"http:\/\/www.defensoria.gob.ve\/index.php?rest_route=\/wp\/v2\/pages"}],"about":[{"href":"http:\/\/www.defensoria.gob.ve\/index.php?rest_route=\/wp\/v2\/types\/page"}],"author":[{"embeddable":true,"href":"http:\/\/www.defensoria.gob.ve\/index.php?rest_route=\/wp\/v2\/users\/1"}],"replies":[{"embeddable":true,"href":"http:\/\/www.defensoria.gob.ve\/index.php?rest_route=%2Fwp%2Fv2%2Fcomments&post=16450"}],"version-history":[{"count":10,"href":"http:\/\/www.defensoria.gob.ve\/index.php?rest_route=\/wp\/v2\/pages\/16450\/revisions"}],"predecessor-version":[{"id":17233,"href":"http:\/\/www.defensoria.gob.ve\/index.php?rest_route=\/wp\/v2\/pages\/16450\/revisions\/17233"}],"up":[{"embeddable":true,"href":"http:\/\/www.defensoria.gob.ve\/index.php?rest_route=\/wp\/v2\/pages\/273"}],"wp:attachment":[{"href":"http:\/\/www.defensoria.gob.ve\/index.php?rest_route=%2Fwp%2Fv2%2Fmedia&parent=16450"}],"curies":[{"name":"wp","href":"https:\/\/api.w.org\/{rel}","templated":true}]}}