 
{"id":90,"date":"2023-09-05T15:05:45","date_gmt":"2023-09-05T19:05:45","guid":{"rendered":"http:\/\/10.70.220.3\/?page_id=90"},"modified":"2024-09-13T11:26:31","modified_gmt":"2024-09-13T15:26:31","slug":"fio","status":"publish","type":"page","link":"http:\/\/www.defensoria.gob.ve\/?page_id=90","title":{"rendered":"FIo"},"content":{"rendered":"\t\t<div data-elementor-type=\"wp-page\" data-elementor-id=\"90\" class=\"elementor elementor-90\">\n\t\t\t\t\t\t<section class=\"elementor-section elementor-top-section elementor-element elementor-element-f4ff8b4 elementor-section-boxed elementor-section-height-default elementor-section-height-default\" data-id=\"f4ff8b4\" data-element_type=\"section\" data-e-type=\"section\">\n\t\t\t\t\t\t<div class=\"elementor-container elementor-column-gap-default\">\n\t\t\t\t\t<div class=\"elementor-column elementor-col-50 elementor-top-column elementor-element elementor-element-713d955\" data-id=\"713d955\" data-element_type=\"column\" data-e-type=\"column\">\n\t\t\t<div class=\"elementor-widget-wrap elementor-element-populated\">\n\t\t\t\t\t\t<div class=\"elementor-element elementor-element-e8db5b9 elementor-widget elementor-widget-image\" data-id=\"e8db5b9\" data-element_type=\"widget\" data-e-type=\"widget\" data-widget_type=\"image.default\">\n\t\t\t\t<div class=\"elementor-widget-container\">\n\t\t\t\t\t\t\t\t\t\t\t\t\t\t\t\t<a href=\"http:\/\/www.portalfio.org\/?Ancho=1920\">\n\t\t\t\t\t\t\t<img fetchpriority=\"high\" decoding=\"async\" width=\"1024\" height=\"370\" src=\"http:\/\/www.defensoria.gob.ve\/wp-content\/uploads\/2023\/09\/FIO_Logo2022_01_Institucional_H_Full-1024x370.jpg\" class=\"attachment-large size-large wp-image-860\" alt=\"\" srcset=\"http:\/\/www.defensoria.gob.ve\/wp-content\/uploads\/2023\/09\/FIO_Logo2022_01_Institucional_H_Full-1024x370.jpg 1024w, http:\/\/www.defensoria.gob.ve\/wp-content\/uploads\/2023\/09\/FIO_Logo2022_01_Institucional_H_Full-300x108.jpg 300w, http:\/\/www.defensoria.gob.ve\/wp-content\/uploads\/2023\/09\/FIO_Logo2022_01_Institucional_H_Full-768x278.jpg 768w, http:\/\/www.defensoria.gob.ve\/wp-content\/uploads\/2023\/09\/FIO_Logo2022_01_Institucional_H_Full-1536x555.jpg 1536w, http:\/\/www.defensoria.gob.ve\/wp-content\/uploads\/2023\/09\/FIO_Logo2022_01_Institucional_H_Full.jpg 1615w\" sizes=\"(max-width: 1024px) 100vw, 1024px\" \/>\t\t\t\t\t\t\t\t<\/a>\n\t\t\t\t\t\t\t\t\t\t\t\t\t\t\t<\/div>\n\t\t\t\t<\/div>\n\t\t\t\t\t<\/div>\n\t\t<\/div>\n\t\t\t\t<div class=\"elementor-column elementor-col-25 elementor-top-column elementor-element elementor-element-40b2348\" data-id=\"40b2348\" data-element_type=\"column\" data-e-type=\"column\">\n\t\t\t<div class=\"elementor-widget-wrap\">\n\t\t\t\t\t\t\t<\/div>\n\t\t<\/div>\n\t\t\t\t<div class=\"elementor-column elementor-col-25 elementor-top-column elementor-element elementor-element-5258322\" data-id=\"5258322\" data-element_type=\"column\" data-e-type=\"column\">\n\t\t\t<div class=\"elementor-widget-wrap\">\n\t\t\t\t\t\t\t<\/div>\n\t\t<\/div>\n\t\t\t\t\t<\/div>\n\t\t<\/section>\n\t\t\t\t<section class=\"elementor-section elementor-top-section elementor-element elementor-element-410a0eb elementor-section-boxed elementor-section-height-default elementor-section-height-default\" data-id=\"410a0eb\" data-element_type=\"section\" data-e-type=\"section\">\n\t\t\t\t\t\t<div class=\"elementor-container elementor-column-gap-default\">\n\t\t\t\t\t<div class=\"elementor-column elementor-col-100 elementor-top-column elementor-element elementor-element-2891b12\" data-id=\"2891b12\" data-element_type=\"column\" data-e-type=\"column\">\n\t\t\t<div class=\"elementor-widget-wrap elementor-element-populated\">\n\t\t\t\t\t\t<div class=\"elementor-element elementor-element-8fd8d44 elementor-widget elementor-widget-text-editor\" data-id=\"8fd8d44\" data-element_type=\"widget\" data-e-type=\"widget\" data-widget_type=\"text-editor.default\">\n\t\t\t\t<div class=\"elementor-widget-container\">\n\t\t\t\t\t\t\t\t\t<table>\n<tbody>\n<tr>\n<td><span style=\"color: #000000; font-family: arial, helvetica, sans-serif; font-size: 12pt;\"><strong>Historia<\/strong><\/span><\/td>\n<\/tr>\n<\/tbody>\n<\/table>\n<div>\u00a0<\/div>\n<div>\n<table>\n<tbody>\n<tr>\n<td style=\"text-align: justify;\">\n<p><span style=\"color: #000000; font-family: arial, helvetica, sans-serif; font-size: 12pt;\">La Federaci\u00f3n Iberoamericana de Ombudsman (FIO) es la agrupaci\u00f3n que, constituida en Cartagena de Indias (Colombia) en 1995, re\u00fane a Defensores del Pueblo, Procuradores, Proveedores, Raonadores (Razonador), Comisionados y Presidentes de Comisiones P\u00fablicas de Derechos Humanos de los pa\u00edses iberoamericanos de los \u00e1mbitos nacional, estatal, regional, auton\u00f3mico o provincial. La FIO se rige por su Estatuto (aprobado en Cartagena de Indias el 5 de agosto de 1995 y reformado en Tegucigalpa el 15 de septiembre de 1999, en M\u00e9xico DF el 24 de noviembre de 2000 y en Nuevo Vallarta el 20 de junio de 2006) y por las Resoluciones adoptadas por la Asamblea General y el Comit\u00e9 Directivo, seg\u00fan sus respectivos \u00e1mbitos de decisi\u00f3n. La m\u00e1xima autoridad de la FIO es su Asamblea General, integrada por los titulares de sus miembros.<\/span><\/p>\n<p><span style=\"color: #000000; font-family: arial, helvetica, sans-serif; font-size: 12pt;\"><strong>Definici\u00f3n<\/strong><\/span><\/p>\n<table>\n<tbody>\n<tr>\n<td>\n<p><span style=\"color: #000000; font-family: arial, helvetica, sans-serif; font-size: 12pt;\">La FIO es una asociaci\u00f3n con \u00e1mbito universal de actuaci\u00f3n que re\u00fane a Defensores del Pueblo, Procuradores, Proveedores, Raonadores (Razonador), Comisionados y Presidentes de Comisiones P\u00fablicas de Derechos Humanos y Ombudsperson de los pa\u00edses iberoamericanos de los \u00e1mbitos nacional, estatal, regional, auton\u00f3mico o provincial. Tambi\u00e9n podr\u00e1n formar parte de esta Asociaci\u00f3n Ombudsman municipales de acuerdo a lo establecido en los art\u00edculos 6 y 20 del presente Estatuto.<\/span><\/p>\n<p><span style=\"font-family: arial, helvetica, sans-serif; font-size: 12pt;\"><span style=\"color: #000000;\"><strong>Estructura<\/strong><\/span><span style=\"color: #000000;\"><br \/><\/span><\/span><\/p>\n<p><span style=\"font-family: arial, helvetica, sans-serif; font-size: 12pt;\"><span style=\"color: #000000; font-weight: var( --e-global-typography-text-font-weight );\">La FIO est\u00e1 estructurada en: <\/span><strong style=\"color: #000000;\">Asamblea General<\/strong><strong style=\"color: #000000;\">Comit\u00e9 Directivo<\/strong><strong style=\"color: #000000;\">Consejo Rector<\/strong><strong style=\"color: #000000;\">Secretar\u00eda T\u00e9cnica.<\/strong><\/span><\/p>\n<p><span style=\"font-family: arial, helvetica, sans-serif; font-size: 12pt;\"><span style=\"color: #000000;\"><strong>Miembros que la conforman<\/strong><\/span><strong style=\"color: #000000;\"><br \/><\/strong><\/span><\/p>\n<p><span style=\"color: #000000; font-family: arial, helvetica, sans-serif; font-weight: var( --e-global-typography-text-font-weight ); font-size: 12pt;\">Los pa\u00edses que actualmente integran la FIO son Andorra, Argentina, Bolivia, Brasil, Chile, Colombia, Costa Rica, Ecuador, El Salvador, Espa\u00f1a, Guatemala, Honduras, M\u00e9xico, Nicaragua, Panam\u00e1, Paraguay, Per\u00fa, Portugal, Puerto Rico, Rep\u00fablica Dominicana Uruguay y Venezuela.<\/span><\/p>\n<p><span style=\"font-family: arial, helvetica, sans-serif; font-size: 12pt;\"><strong style=\"color: #000000;\">Redes Tem\u00e1ticas<\/strong><strong style=\"color: #000000;\">\u00a0<\/strong><\/span><\/p>\n<table>\n<tbody>\n<tr>\n<td><span style=\"color: #000000; font-family: arial, helvetica, sans-serif; font-size: 12pt;\">Las Redes tem\u00e1tica est\u00e1 integrada por las instituciones miembros de FIO, cuentan cada una de ellas cuenta con un comit\u00e9 coordinador compuesto por cinco miembros correspondientes a cada una de las cinco zonas geogr\u00e1ficas en que se articula la FIO (Europa, Am\u00e9rica del Norte, Centroam\u00e9rica, Pa\u00edses Andinos y Cono Sur) \u00a0\u00a0\u00a0 Red de Comunicadores de la FIO \u2013 COMFIO \u00a0\u00a0\u00a0 Red sobre Migrantes y Trata de Personas de la FIO \u00a0\u00a0\u00a0 Red de Defensor\u00edas de Mujeres de la FIO \u00a0\u00a0\u00a0 Red de Ni\u00f1ez y Adolescencia de la FIO.\u00a0\u00a0<\/span><\/td>\n<\/tr>\n<\/tbody>\n<\/table>\n<p>\u00a0<\/p>\n<\/td>\n<\/tr>\n<\/tbody>\n<\/table>\n<\/td>\n<\/tr>\n<\/tbody>\n<\/table>\n<\/div>\t\t\t\t\t\t\t\t<\/div>\n\t\t\t\t<\/div>\n\t\t\t\t\t<\/div>\n\t\t<\/div>\n\t\t\t\t\t<\/div>\n\t\t<\/section>\n\t\t\t\t<\/div>\n\t\t","protected":false},"excerpt":{"rendered":"<p>Historia \u00a0 La Federaci\u00f3n Iberoamericana de Ombudsman (FIO) es la agrupaci\u00f3n que, constituida en Cartagena de Indias (Colombia) en 1995, re\u00fane a Defensores del Pueblo, Procuradores, Proveedores, Raonadores (Razonador), Comisionados&hellip; <\/p>\n","protected":false},"author":1,"featured_media":0,"parent":85,"menu_order":0,"comment_status":"closed","ping_status":"closed","template":"","meta":{"footnotes":""},"class_list":["post-90","page","type-page","status-publish","hentry"],"yoast_head":"<!-- This site is optimized with the Yoast SEO plugin v27.2 - https:\/\/yoast.com\/product\/yoast-seo-wordpress\/ -->\n<title>FIo -<\/title>\n<meta name=\"robots\" content=\"index, follow, max-snippet:-1, max-image-preview:large, max-video-preview:-1\" \/>\n<link rel=\"canonical\" href=\"http:\/\/www.defensoria.gob.ve\/?page_id=90\" \/>\n<meta property=\"og:locale\" content=\"es_ES\" \/>\n<meta property=\"og:type\" content=\"article\" \/>\n<meta property=\"og:title\" content=\"FIo -\" \/>\n<meta property=\"og:description\" content=\"Historia \u00a0 La Federaci\u00f3n Iberoamericana de Ombudsman (FIO) es la agrupaci\u00f3n que, constituida en Cartagena de Indias (Colombia) en 1995, re\u00fane a Defensores del Pueblo, Procuradores, Proveedores, Raonadores (Razonador), Comisionados&hellip;\" \/>\n<meta property=\"og:url\" content=\"http:\/\/www.defensoria.gob.ve\/?page_id=90\" \/>\n<meta property=\"article:modified_time\" content=\"2024-09-13T15:26:31+00:00\" \/>\n<meta property=\"og:image\" content=\"http:\/\/www.defensoria.gob.ve\/wp-content\/uploads\/2023\/09\/FIO_Logo2022_01_Institucional_H_Full-1024x370.jpg\" \/>\n<meta name=\"twitter:card\" content=\"summary_large_image\" \/>\n<meta name=\"twitter:label1\" content=\"Tiempo estimado de lectura\" \/>\n\t<meta name=\"twitter:data1\" content=\"2 minutos\" \/>\n<script type=\"application\/ld+json\" class=\"yoast-schema-graph\">{\"@context\":\"https:\/\/schema.org\",\"@graph\":[{\"@type\":\"WebPage\",\"@id\":\"http:\/\/www.defensoria.gob.ve\/?page_id=90\",\"url\":\"http:\/\/www.defensoria.gob.ve\/?page_id=90\",\"name\":\"FIo -\",\"isPartOf\":{\"@id\":\"http:\/\/www.defensoria.gob.ve\/#website\"},\"primaryImageOfPage\":{\"@id\":\"http:\/\/www.defensoria.gob.ve\/?page_id=90#primaryimage\"},\"image\":{\"@id\":\"http:\/\/www.defensoria.gob.ve\/?page_id=90#primaryimage\"},\"thumbnailUrl\":\"http:\/\/www.defensoria.gob.ve\/wp-content\/uploads\/2023\/09\/FIO_Logo2022_01_Institucional_H_Full-1024x370.jpg\",\"datePublished\":\"2023-09-05T19:05:45+00:00\",\"dateModified\":\"2024-09-13T15:26:31+00:00\",\"breadcrumb\":{\"@id\":\"http:\/\/www.defensoria.gob.ve\/?page_id=90#breadcrumb\"},\"inLanguage\":\"es\",\"potentialAction\":[{\"@type\":\"ReadAction\",\"target\":[\"http:\/\/www.defensoria.gob.ve\/?page_id=90\"]}]},{\"@type\":\"ImageObject\",\"inLanguage\":\"es\",\"@id\":\"http:\/\/www.defensoria.gob.ve\/?page_id=90#primaryimage\",\"url\":\"http:\/\/www.defensoria.gob.ve\/wp-content\/uploads\/2023\/09\/FIO_Logo2022_01_Institucional_H_Full.jpg\",\"contentUrl\":\"http:\/\/www.defensoria.gob.ve\/wp-content\/uploads\/2023\/09\/FIO_Logo2022_01_Institucional_H_Full.jpg\",\"width\":1615,\"height\":584},{\"@type\":\"BreadcrumbList\",\"@id\":\"http:\/\/www.defensoria.gob.ve\/?page_id=90#breadcrumb\",\"itemListElement\":[{\"@type\":\"ListItem\",\"position\":1,\"name\":\"Portada\",\"item\":\"http:\/\/www.defensoria.gob.ve\/\"},{\"@type\":\"ListItem\",\"position\":2,\"name\":\"ASOCIACIONES Y CONVENIOS\",\"item\":\"http:\/\/www.defensoria.gob.ve\/?page_id=85\"},{\"@type\":\"ListItem\",\"position\":3,\"name\":\"FIo\"}]},{\"@type\":\"WebSite\",\"@id\":\"http:\/\/www.defensoria.gob.ve\/#website\",\"url\":\"http:\/\/www.defensoria.gob.ve\/\",\"name\":\"\",\"description\":\"Instituci\u00f3n del Poder Ciudadano para la Promoci\u00f3n, Defensa y Vigilancia de los Derechos Humanos. \",\"potentialAction\":[{\"@type\":\"SearchAction\",\"target\":{\"@type\":\"EntryPoint\",\"urlTemplate\":\"http:\/\/www.defensoria.gob.ve\/?s={search_term_string}\"},\"query-input\":{\"@type\":\"PropertyValueSpecification\",\"valueRequired\":true,\"valueName\":\"search_term_string\"}}],\"inLanguage\":\"es\"}]}<\/script>\n<!-- \/ Yoast SEO plugin. -->","yoast_head_json":{"title":"FIo -","robots":{"index":"index","follow":"follow","max-snippet":"max-snippet:-1","max-image-preview":"max-image-preview:large","max-video-preview":"max-video-preview:-1"},"canonical":"http:\/\/www.defensoria.gob.ve\/?page_id=90","og_locale":"es_ES","og_type":"article","og_title":"FIo -","og_description":"Historia \u00a0 La Federaci\u00f3n Iberoamericana de Ombudsman (FIO) es la agrupaci\u00f3n que, constituida en Cartagena de Indias (Colombia) en 1995, re\u00fane a Defensores del Pueblo, Procuradores, Proveedores, Raonadores (Razonador), Comisionados&hellip;","og_url":"http:\/\/www.defensoria.gob.ve\/?page_id=90","article_modified_time":"2024-09-13T15:26:31+00:00","og_image":[{"url":"http:\/\/www.defensoria.gob.ve\/wp-content\/uploads\/2023\/09\/FIO_Logo2022_01_Institucional_H_Full-1024x370.jpg","type":"","width":"","height":""}],"twitter_card":"summary_large_image","twitter_misc":{"Tiempo estimado de lectura":"2 minutos"},"schema":{"@context":"https:\/\/schema.org","@graph":[{"@type":"WebPage","@id":"http:\/\/www.defensoria.gob.ve\/?page_id=90","url":"http:\/\/www.defensoria.gob.ve\/?page_id=90","name":"FIo -","isPartOf":{"@id":"http:\/\/www.defensoria.gob.ve\/#website"},"primaryImageOfPage":{"@id":"http:\/\/www.defensoria.gob.ve\/?page_id=90#primaryimage"},"image":{"@id":"http:\/\/www.defensoria.gob.ve\/?page_id=90#primaryimage"},"thumbnailUrl":"http:\/\/www.defensoria.gob.ve\/wp-content\/uploads\/2023\/09\/FIO_Logo2022_01_Institucional_H_Full-1024x370.jpg","datePublished":"2023-09-05T19:05:45+00:00","dateModified":"2024-09-13T15:26:31+00:00","breadcrumb":{"@id":"http:\/\/www.defensoria.gob.ve\/?page_id=90#breadcrumb"},"inLanguage":"es","potentialAction":[{"@type":"ReadAction","target":["http:\/\/www.defensoria.gob.ve\/?page_id=90"]}]},{"@type":"ImageObject","inLanguage":"es","@id":"http:\/\/www.defensoria.gob.ve\/?page_id=90#primaryimage","url":"http:\/\/www.defensoria.gob.ve\/wp-content\/uploads\/2023\/09\/FIO_Logo2022_01_Institucional_H_Full.jpg","contentUrl":"http:\/\/www.defensoria.gob.ve\/wp-content\/uploads\/2023\/09\/FIO_Logo2022_01_Institucional_H_Full.jpg","width":1615,"height":584},{"@type":"BreadcrumbList","@id":"http:\/\/www.defensoria.gob.ve\/?page_id=90#breadcrumb","itemListElement":[{"@type":"ListItem","position":1,"name":"Portada","item":"http:\/\/www.defensoria.gob.ve\/"},{"@type":"ListItem","position":2,"name":"ASOCIACIONES Y CONVENIOS","item":"http:\/\/www.defensoria.gob.ve\/?page_id=85"},{"@type":"ListItem","position":3,"name":"FIo"}]},{"@type":"WebSite","@id":"http:\/\/www.defensoria.gob.ve\/#website","url":"http:\/\/www.defensoria.gob.ve\/","name":"","description":"Instituci\u00f3n del Poder Ciudadano para la Promoci\u00f3n, Defensa y Vigilancia de los Derechos Humanos. ","potentialAction":[{"@type":"SearchAction","target":{"@type":"EntryPoint","urlTemplate":"http:\/\/www.defensoria.gob.ve\/?s={search_term_string}"},"query-input":{"@type":"PropertyValueSpecification","valueRequired":true,"valueName":"search_term_string"}}],"inLanguage":"es"}]}},"_links":{"self":[{"href":"http:\/\/www.defensoria.gob.ve\/index.php?rest_route=\/wp\/v2\/pages\/90","targetHints":{"allow":["GET"]}}],"collection":[{"href":"http:\/\/www.defensoria.gob.ve\/index.php?rest_route=\/wp\/v2\/pages"}],"about":[{"href":"http:\/\/www.defensoria.gob.ve\/index.php?rest_route=\/wp\/v2\/types\/page"}],"author":[{"embeddable":true,"href":"http:\/\/www.defensoria.gob.ve\/index.php?rest_route=\/wp\/v2\/users\/1"}],"replies":[{"embeddable":true,"href":"http:\/\/www.defensoria.gob.ve\/index.php?rest_route=%2Fwp%2Fv2%2Fcomments&post=90"}],"version-history":[{"count":22,"href":"http:\/\/www.defensoria.gob.ve\/index.php?rest_route=\/wp\/v2\/pages\/90\/revisions"}],"predecessor-version":[{"id":7351,"href":"http:\/\/www.defensoria.gob.ve\/index.php?rest_route=\/wp\/v2\/pages\/90\/revisions\/7351"}],"up":[{"embeddable":true,"href":"http:\/\/www.defensoria.gob.ve\/index.php?rest_route=\/wp\/v2\/pages\/85"}],"wp:attachment":[{"href":"http:\/\/www.defensoria.gob.ve\/index.php?rest_route=%2Fwp%2Fv2%2Fmedia&parent=90"}],"curies":[{"name":"wp","href":"https:\/\/api.w.org\/{rel}","templated":true}]}}